ctor of 3856?
False
Is 22 a factor of 33990?
True
Is 24 a factor of 18764?
False
Is 4671 a multiple of 7?
False
Is 28 a factor of 840?
True
Does 53 divide 6201?
True
Is 4202 a multiple of 85?
False
Is 2979 a multiple of 4?
False
Does 10 divide 27100?
True
Is 5750 a multiple of 115?
True
Is 33 a factor of 4488?
True
Does 5 divide 943?
False
Is 1240 a multiple of 31?
True
Is 11 a factor of 282?
False
Is 7245 a multiple of 23?
True
Does 61 divide 23147?
False
Is 132 a factor of 40157?
False
Is 22 a factor of 154?
True
Does 7 divide 1953?
True
Does 17 divide 2903?
False
Is 89423 a multiple of 35?
False
Does 13 divide 1259?
False
Is 3473 a multiple of 6?
False
Does 18 divide 946?
False
Is 12 a factor of 254?
False
Is 7885 a multiple of 14?
False
Is 10 a factor of 3070?
True
Does 21 divide 2015?
False
Is 5 a factor of 25?
True
Is 21290 a multiple of 163?
False
Does 8 divide 312?
True
Is 102 a factor of 7956?
True
Does 135 divide 25104?
False
Is 15973 a multiple of 4?
False
Does 19 divide 16922?
False
Is 33988 a multiple of 20?
False
Is 384 a multiple of 30?
False
Does 32 divide 25216?
True
Is 13 a factor of 2125?
False
Does 14 divide 214?
False
Is 16 a factor of 804?
False
Is 39 a factor of 2769?
True
Is 143 a multiple of 28?
False
Does 68 divide 207?
False
Is 1323 a multiple of 6?
False
Is 395 a multiple of 7?
False
Does 11 divide 584?
False
Does 16 divide 20832?
True
Is 1770 a multiple of 107?
False
Does 46 divide 14194?
False
Does 23 divide 1541?
True
Does 2 divide 648?
True
Does 105 divide 4396?
False
Is 1210 a multiple of 110?
True
Is 32 a factor of 21152?
True
Is 110 a factor of 2090?
True
Is 25 a factor of 3542?
False
Is 14 a factor of 252?
True
Is 1464 a multiple of 183?
True
Does 71 divide 2837?
False
Is 33 a factor of 43732?
False
Is 6540 a multiple of 6?
True
Is 10 a factor of 96610?
True
Is 15 a factor of 585?
True
Does 27 divide 286?
False
Is 10 a factor of 1862?
False
Is 31 a factor of 729?
False
Is 1409 a multiple of 5?
False
Is 1056 a multiple of 11?
True
Does 5 divide 1261?
False
Is 240 a multiple of 8?
True
Does 180 divide 2022?
False
Is 79 a factor of 158?
True
Is 6 a factor of 10542?
True
Does 13 divide 341?
False
Is 41 a factor of 7156?
False
Is 70 a factor of 18753?
False
Is 15 a factor of 6231?
False
Is 8808 a multiple of 137?
False
Is 129 a factor of 2711?
False
Does 196 divide 7840?
True
Is 122 a factor of 21235?
False
Does 35 divide 41978?
False
Is 1127 a multiple of 49?
True
Is 9 a factor of 675?
True
Is 143 a multiple of 13?
True
Does 18 divide 1710?
True
Does 49 divide 30025?
False
Is 20 a factor of 51600?
True
Does 2 divide 344?
True
Is 23 a factor of 966?
True
Is 737 a multiple of 23?
False
Is 8265 a multiple of 24?
False
Is 33 a factor of 3300?
True
Does 103 divide 4168?
False
Is 15501 a multiple of 9?
False
Is 3115 a multiple of 54?
False
Does 2 divide 1194?
True
Is 16160 a multiple of 158?
False
Is 2805 a multiple of 33?
True
Is 15 a factor of 1740?
True
Does 35 divide 1085?
True
Is 38 a factor of 4294?
True
Is 1914 a multiple of 66?
True
Is 45 a factor of 14535?
True
Is 1072 a multiple of 62?
False
Does 115 divide 14238?
False
Does 14 divide 1556?
False
Is 38 a factor of 1603?
False
Is 22599 a multiple of 40?
False
Is 140 a factor of 111300?
True
Does 63 divide 445?
False
Is 3295 a multiple of 37?
False
Is 26 a factor of 1443?
False
Does 107 divide 4601?
True
Is 21 a factor of 231?
True
Is 38 a factor of 7410?
True
Is 827 a multiple of 20?
False
Does 53 divide 3551?
True
Does 14 divide 803?
False
Is 848 a multiple of 5?
False
Is 5 a factor of 33?
False
Is 304 a multiple of 76?
True
Is 8 a factor of 10520?
True
Is 35 a factor of 1635?
False
Is 17971 a multiple of 43?
False
Is 526 a multiple of 7?
False
Is 3 a factor of 2745?
True
Is 10 a factor of 27810?
True
Is 685 a multiple of 5?
True
Is 26809 a multiple of 13?
False
Is 740 a multiple of 125?
False
Is 25992 a multiple of 171?
True
Is 10 a factor of 980?
True
Is 20 a factor of 24640?
True
Is 12 a factor of 1020?
True
Is 32336 a multiple of 8?
True
Is 7076 a multiple of 57?
False
Is 15 a factor of 570?
True
Is 1132 a multiple of 20?
False
Is 1273 a multiple of 19?
True
Is 3 a factor of 3263?
False
Is 19 a factor of 3249?
True
Is 2630 a multiple of 10?
True
Is 667 a multiple of 29?
True
Is 10 a factor of 10296?
False
Is 31 a factor of 155?
True
Is 9 a factor of 119?
False
Is 22631 a multiple of 11?
False
Is 205 a factor of 35372?
False
Is 41 a factor of 503?
False
Is 900 a multiple of 21?
False
Does 127 divide 4699?
True
Does 4 divide 284?
True
Is 1757 a multiple of 15?
False
Is 7 a factor of 1980?
False
Does 35 divide 512?
False
Is 17 a factor of 3736?
False
Is 36 a factor of 2545?
False
Is 7238 a multiple of 7?
True
Is 638 a multiple of 21?
False
Does 6 divide 6732?
True
Is 213 a factor of 50055?
True
Does 33 divide 40309?
False
Is 85 a factor of 71482?
False
Is 111 a factor of 6105?
True
Does 72 divide 792?
True
Is 20 a factor of 1560?
True
Is 128 a multiple of 69?
False
Is 23 a factor of 802?
False
Is 264 a multiple of 6?
True
Is 16245 a multiple of 24?
False
Is 8624 a multiple of 47?
False
Is 4278 a multiple of 20?
False
Is 22 a factor of 1892?
True
Is 1170 a multiple of 39?
True
Does 17 divide 10166?
True
Is 55 a factor of 2750?
True
Is 37 a multiple of 12?
False
Is 41 a factor of 3172?
False
Is 1779 a multiple of 22?
False
Does 13 divide 3770?
True
Is 14 a factor of 65893?
False
Is 8 a factor of 384?
True
Is 148 a factor of 27528?
True
Does 5 divide 2719?
False
Does 85 divide 544?
False
Is 21 a factor of 462?
True
Does 31 divide 682?
True
Is 1585 a multiple of 4?
False
Is 11176 a multiple of 13?
False
Is 1125 a multiple of 9?
True
Is 156 a factor of 38220?
True
Is 35 a factor of 23178?
False
Does 16 divide 70?
False
Is 20 a factor of 520?
True
Is 2185 a multiple of 24?
False
Is 94 a factor of 74918?
True
Does 36 divide 3546?
False
Is 7 a factor of 31283?
True
Is 7 a factor of 464?
False
Is 34 a factor of 55181?
False
Does 12 divide 3004?
False
Is 66 a factor of 2904?
True
Does 25 divide 18631?
False
Is 32 a factor of 6688?
True
Is 13 a factor of 1573?
True
Is 1800 a multiple of 18?
True
Is 658 a multiple of 47?
True
Does 54 divide 8013?
False
Is 10429 a multiple of 139?
False
Does 22 divide 668?
False
Is 23 a factor of 2675?
False
Is 104 a factor of 4992?
True
Does 52 divide 808?
False
Is 2055 a multiple of 15?
True
Is 60 a factor of 8700?
True
Is 11 a factor of 746?
False
Is 7 a factor of 7?
True
Is 13 a factor of 7080?
False
Does 2 divide 273?
False
Is 9 a factor of 165?
False
Does 26 divide 1872?
True
Is 13137 a multiple of 18?
False
Does 2 divide 128?
True
Does 6 divide 19?
False
Is 22 a factor of 15444?
True
Is 28 a factor of 5264?
True
Is 30059 a multiple of 123?
False
Is 476 a multiple of 14?
True
Does 17 divide 442?
True
Is 6 a factor of 330?
True
Is 537 a multiple of 75?
False
Is 2595 a multiple of 5?
True
Does 42 divide 378?
True
Does 14 divide 2170?
True
Does 34 divide 476?
True
Is 86 a factor of 17200?
True
Does 13 divide 18736?
False
Is 20685 a multiple of 15?
True
Is 12168 a multiple of 167?
False
Does 9 divide 1827?
True
Is 30 a factor of 14629?
False
Is 21402 a multiple of 70?
False
Is 36440 a multiple of 11?
False
Is 830 a multiple of 16?
False
Is 79210 a multiple of 81?
False
Is 2363 a multiple of 8?
False
Is 66605 a multiple of 23?
False
Is 19 a factor of 4465?
True
Does 69 divide 71158?
False
Does 25 divide 950?
True
Is 16 a factor of 49340?
False
Is 6760 a multiple of 65?
True
Does 28 divide 458?
False
Is 5 a factor of 13460?
True
Is 15 a factor of 1515?
True
Does 8 divide 1552?
True
Is 97 a multiple of 5?
False
Does 17 divide 5283?
False
Is 23664 a multiple of 68?
True
Does 36 divide 468?
True
Is 7758 a multiple of 7?
False
Is 54144 a multiple of 48?
True
Is 64174 a multiple of 163?
False
Is 82 a factor of 3378?
False
Is 91 a factor of 1547?
True
Is 7 a factor of 112?
True
Does 37 divide 960?
False
Does 17 divide 408?
True
Is 1428 a multiple of 12?
True
Does 24 divide 1310?
False
Is 4 a factor of 74?
False
Does 33 divide 2918?
False
Does 8 divide 688?
True
Is 32307 a multiple of 14?
False
Is 8 a factor of 770?
False
Is 218 a multiple of 70?
False
Is 1188 a multiple of 12?
True
Is 51660 a multiple of 70?
True
Does 47 divide 3948?
Tru